8194?
False
Is 251 a multiple of 2?
False
Is 167 a factor of 4909?
False
Does 57 divide 10032?
True
Is 404 a multiple of 5?
False
Is 65 a factor of 71?
False
Is 2 a factor of 676?
True
Does 10 divide 90?
True
Does 56 divide 5471?
False
Is 1722 a multiple of 42?
True
Is 11 a factor of 90?
False
Does 47 divide 2604?
False
Is 12 a factor of 5322?
False
Is 16 a factor of 2624?
True
Is 133 a factor of 144172?
True
Is 62 a factor of 4705?
False
Is 3182 a multiple of 130?
False
Is 9 a factor of 2958?
False
Does 20 divide 2147?
False
Does 133 divide 3218?
False
Does 6 divide 396?
True
Is 20 a factor of 4205?
False
Does 49 divide 2040?
False
Is 7753 a multiple of 36?
False
Is 23 a factor of 12153?
False
Is 4 a factor of 9084?
True
Is 160 a multiple of 5?
True
Does 26 divide 185?
False
Is 713 a multiple of 14?
False
Does 88 divide 8008?
True
Does 11 divide 660?
True
Does 71 divide 142?
True
Is 36 a factor of 612?
True
Is 12056 a multiple of 238?
False
Is 8 a factor of 3248?
True
Is 13600 a multiple of 160?
True
Is 1463 a multiple of 19?
True
Is 6164 a multiple of 62?
False
Is 570 a multiple of 38?
True
Is 8 a factor of 2448?
True
Does 158 divide 4424?
True
Does 23 divide 7728?
True
Does 5 divide 7730?
True
Is 18 a factor of 2952?
True
Is 152 a factor of 16031?
False
Does 19 divide 3990?
True
Is 7015 a multiple of 115?
True
Is 4698 a multiple of 162?
True
Is 11 a factor of 1210?
True
Is 31700 a multiple of 20?
True
Is 19 a factor of 665?
True
Does 8 divide 4984?
True
Is 11 a factor of 2607?
True
Is 147 a multiple of 21?
True
Does 167 divide 20040?
True
Is 48 a factor of 705?
False
Is 171 a multiple of 11?
False
Is 95 a factor of 60160?
False
Is 24 a factor of 4124?
False
Does 186 divide 30657?
False
Is 32 a factor of 8884?
False
Is 40 a factor of 49737?
False
Is 18 a factor of 4685?
False
Is 51 a factor of 1122?
True
Does 77 divide 1078?
True
Does 22 divide 56276?
True
Does 29 divide 24070?
True
Is 21 a factor of 2667?
True
Is 749 a multiple of 13?
False
Is 266 even?
True
Is 6120 a multiple of 51?
True
Is 1456 a multiple of 7?
True
Is 96 a factor of 121?
False
Does 7 divide 924?
True
Is 12 a factor of 4620?
True
Is 20 a factor of 220?
True
Is 8594 even?
True
Is 144 a multiple of 12?
True
Is 9 a factor of 3672?
True
Is 6140 a multiple of 21?
False
Is 34 a factor of 968?
False
Does 69 divide 11826?
False
Is 6169 a multiple of 199?
True
Is 6067 a multiple of 17?
False
Is 10500 a multiple of 84?
True
Is 60 a factor of 12300?
True
Is 265 a factor of 16357?
False
Does 67 divide 4355?
True
Is 10 a factor of 4310?
True
Does 3 divide 66?
True
Is 28091 a multiple of 235?
False
Is 6627 a multiple of 27?
False
Is 38 a factor of 37883?
False
Is 40 a multiple of 5?
True
Does 18 divide 2561?
False
Is 50892 a multiple of 4?
True
Is 468 a multiple of 12?
True
Is 7 a factor of 1847?
False
Does 278 divide 8007?
False
Is 74 a multiple of 3?
False
Is 15 a factor of 299?
False
Is 107 a factor of 4827?
False
Is 1703 a multiple of 7?
False
Is 35 a factor of 12740?
True
Is 8462 a multiple of 80?
False
Is 23864 a multiple of 19?
True
Is 5 a factor of 149?
False
Is 49 a factor of 1862?
True
Is 2711 a multiple of 13?
False
Is 30 a factor of 1517?
False
Does 104 divide 2174?
False
Does 203 divide 31465?
True
Does 96 divide 6912?
True
Is 11 a factor of 1210?
True
Is 149 a multiple of 5?
False
Does 2 divide 124?
True
Does 11 divide 45298?
True
Is 12 a factor of 5936?
False
Is 46 a factor of 2070?
True
Is 16 a factor of 1092?
False
Is 5701 a multiple of 32?
False
Does 18 divide 1962?
True
Is 3254 a multiple of 13?
False
Is 422 a multiple of 35?
False
Does 95 divide 10450?
True
Does 20 divide 7180?
True
Does 88 divide 9064?
True
Does 30 divide 29830?
False
Is 20982 a multiple of 78?
True
Is 1435 a multiple of 41?
True
Does 5 divide 1875?
True
Is 17 a factor of 2397?
True
Does 29 divide 355?
False
Is 7 a factor of 21?
True
Is 1940 a multiple of 5?
True
Is 247 a multiple of 18?
False
Is 17796 a multiple of 4?
True
Is 65 a multiple of 41?
False
Does 9 divide 730?
False
Does 14 divide 374?
False
Is 12284 a multiple of 83?
True
Is 23694 a multiple of 66?
True
Is 25 a factor of 1650?
True
Does 10 divide 61580?
True
Is 25288 a multiple of 8?
True
Is 41 a factor of 902?
True
Is 7 a factor of 1211?
True
Is 626 a multiple of 7?
False
Is 602 a multiple of 51?
False
Does 29 divide 1452?
False
Is 6 a factor of 396?
True
Is 50504 a multiple of 236?
True
Is 24 a factor of 23088?
True
Is 9048 a multiple of 232?
True
Is 11 a factor of 20557?
False
Is 2562 a multiple of 6?
True
Is 41 a factor of 1599?
True
Is 67 a factor of 3216?
True
Is 60111 a multiple of 296?
False
Is 31 a factor of 35?
False
Does 22 divide 10054?
True
Is 9 a factor of 655?
False
Is 34 a factor of 1898?
False
Is 73 a factor of 3939?
False
Is 608 even?
True
Is 82786 a multiple of 106?
True
Does 27 divide 715?
False
Is 6726 a multiple of 38?
True
Does 6 divide 1344?
True
Is 14 a factor of 6451?
False
Does 39 divide 78?
True
Does 58 divide 4988?
True
Is 31 a factor of 651?
True
Is 16 a factor of 11026?
False
Does 48 divide 5712?
True
Is 10968 a multiple of 24?
True
Is 63 a factor of 926?
False
Is 789 a multiple of 36?
False
Does 51 divide 66045?
True
Is 101 a factor of 1717?
True
Does 12 divide 492?
True
Does 4 divide 5483?
False
Is 28054 a multiple of 26?
True
Is 35 a factor of 249?
False
Does 13 divide 81861?
True
Does 20 divide 814?
False
Does 10 divide 20?
True
Is 106 a multiple of 106?
True
Does 11 divide 14340?
False
Does 39 divide 186966?
True
Is 27384 a multiple of 14?
True
Is 5 a factor of 94?
False
Is 10 a factor of 560?
True
Is 800 a multiple of 100?
True
Is 29274 a multiple of 8?
False
Is 68 a factor of 27268?
True
Is 5282 a multiple of 8?
False
Does 14 divide 2226?
True
Is 9765 a multiple of 100?
False
Is 10296 a multiple of 156?
True
Is 12 a factor of 29209?
False
Is 36 a factor of 112896?
True
Is 209 a factor of 4582?
False
Is 6 a factor of 81?
False
Is 49 a factor of 140875?
True
Does 97 divide 56108?
False
Does 4 divide 176?
True
Is 30 a factor of 1223?
False
Does 19 divide 530?
False
Is 46 a factor of 23204?
False
Does 25 divide 85?
False
Is 4 a factor of 22744?
True
Does 5 divide 12574?
False
Is 114 a factor of 4446?
True
Is 5371 a multiple of 41?
True
Does 127 divide 12509?
False
Does 35 divide 729?
False
Is 15664 a multiple of 176?
True
Does 7 divide 196?
True
Is 38 a factor of 4104?
True
Is 8 a factor of 3224?
True
Does 30 divide 12428?
False
Does 9 divide 3233?
False
Is 8057 a multiple of 47?
False
Does 31 divide 11088?
False
Is 4 a factor of 2256?
True
Is 14300 a multiple of 26?
True
Does 39 divide 30899?
False
Does 38 divide 1915?
False
Is 66 a factor of 17292?
True
Is 996 a multiple of 36?
False
Is 37643 a multiple of 3?
False
Is 60 a multiple of 19?
False
Does 10 divide 6027?
False
Is 17 a factor of 4522?
True
Does 10 divide 690?
True
Is 6749 a multiple of 170?
False
Is 84 a factor of 1680?
True
Is 359 a multiple of 6?
False
Is 2887 a multiple of 16?
False
Is 108 a factor of 15012?
True
Is 3 a factor of 656?
False
Does 25 divide 6549?
False
Is 22 a factor of 673?
False
Is 8 a factor of 2783?
False
Is 7 a factor of 4340?
True
Does 6 divide 492?
True
Does 27 divide 95231?
False
Is 35 a factor of 3879?
False
Does 4 divide 475?
False
Does 39 divide 38454?
True
Does 30 divide 298?
False
Does 37 divide 888?
True
Does 32 divide 11398?
False
Is 11 a factor of 106?
False
Is 4572 a multiple of 36?
True
Is 26 a factor of 71?
False
Is 8 a factor of 49936?
True
Does 95 divide 11685?
True
Does 5 divide 2202?
False
Does 57 divide 5472?
True
Does 51 divide 4335?
True
Is 26 a factor of 338?
True
Is 19 a factor of 3173?
True
Is 27680 a multiple of 20?
True
Is 3250 a multiple of 250?
True
Does 151 divide 6002?
False
Is 16 a multiple of 2?
True
Is 16 a factor of 248?
False
Is 1666 a multiple of 15?
False
Is 4 a factor of 468?
True
Is 232 a multiple of 12?
False
Is 3219 a multiple of 74?
False
Is 408 a multiple of 51?
True
Is 646 a multiple of 12?
False
Does 2 divide 69?
False
Does 78 divide 234?
True
Is 51 a factor of 603?
False
Does 111 divide 34378?
False
Does 4 divide 225?
False
Is 25990 a multiple of 113?
True
Is 523 a multiple of 7?
False
Is 21 a factor of 4960?
False
Is 16679 a multiple of 13?
True
Does 107 divide 4356?